t is 4163633 (base 10) in base 12?
1489615
-1277654 (base 8) to base 10
-360364
38597 (base 12) to base 8
226103
-106bcb (base 14) to base 7
-4505544
What is -3757432 (base 10) in base 15?
-4e34a7
8a6486 (base 11) to base 10
1443382
What is -15915 (base 10) in base 12?
-9263
2216453 (base 7) to base 10
273605
What is 2222202223 (base 4) in base 13?
1b5c4a
123077 (base 9) to base 5
4340203
e0744 (base 15) to base 5
140213024
Convert 45721 (base 10) to base 6.
551401
343432014 (base 5) to base 15
20808e
Convert -305304 (base 9) to base 4.
-230030233
Convert 111233133 (base 4) to base 2.
10101101111011111
What is -410323145 (base 6) in base 13?
-15bc732
Convert -6160525 (base 9) to base 15.
-44e10e
What is 3452223 (base 10) in base 11?
1a48785
-13a871 (base 11) to base 9
-363770
-11000111111110010011 (base 2) to base 4
-3013332103
-3327268 (base 9) to base 14
-348435
What is -1adef1 (base 16) in base 2?
-110101101111011110001
What is 32501455 (base 8) in base 16?
6a832d
Convert 100100011011101110011111 (base 2) to base 5.
4421111001
What is 86dbd1 (base 14) in base 15?
6045ee
What is -12744029 (base 10) in base 13?
-284285c
23066861 (base 9) to base 11
6363295
-14272 (base 8) to base 10
-6330
What is 13772 (base 8) in base 5?
144023
What is -513225341 (base 6) in base 15?
-b98711
What is -25272025 (base 9) in base 2?
-101111010000100100101001
Convert -100010222120212 (base 3) to base 6.
-252110252
1333151 (base 6) to base 12
371b7
29676 (base 14) to base 11
70272
Convert -20010202112 (base 3) to base 7.
-1012205
What is 11c003 (base 13) in base 15?
8644b
-3b955 (base 12) to base 10
-82577
-40124133 (base 6) to base 16
-114219
What is 3725749 (base 10) in base 6?
211504501
421bea (base 16) to base 11
249a0a7
Convert -198a68 (base 12) to base 11.
-288769
-2060662 (base 7) to base 5
-31000132
What is 114110 (base 9) in base 11?
47609
-440457 (base 8) to base 9
-244616
-11210122201121 (base 3) to base 11
-1493417
Convert 2034103041 (base 5) to base 7.
50520163
What is 6d3ea (base 16) in base 4?
1231033222
What is 2c769 (base 13) in base 9?
138233
Convert 34a22 (base 14) to base 6.
2425330
-241b81 (base 15) to base 3
-10020202022011
Convert 2421776 (base 8) to base 5.
132231244
Convert -159089 (base 11) to base 10.
-246332
What is 336000 (base 8) in base 12?
55940
a8785 (base 12) to base 10
222293
Convert 11000100100101000011010 (base 2) to base 8.
30445032
What is -100211221220 (base 3) in base 10?
-193884
Convert -a9 (base 14) to base 9.
-175
Convert 89031 (base 11) to base 5.
13113031
Convert 3233312 (base 4) to base 6.
155022
What is -533047 (base 10) in base 4?
-2002020313
What is 60305 (base 11) in base 10?
88214
-11001211011010 (base 3) to base 7
-24242013
Convert b0faa (base 16) to base 12.
2ab60a
Convert c57b0 (base 14) to base 9.
805243
76b16 (base 16) to base 2
1110110101100010110
What is -107551 (base 14) in base 12?
-22ab6b
Convert 3024200 (base 6) to base 5.
14042441
Convert 7a271 (base 13) to base 8.
662167
Convert 222584 (base 10) to base 9.
368285
Convert 69072 (base 11) to base 16.
18640
Convert -1000010111011101 (base 2) to base 4.
-20113131
What is -343343032 (base 5) in base 14?
-2c2713
What is -2434122 (base 5) in base 11?
-31756
What is -4074 (base 13) in base 14?
-3347
Convert 938614 (base 13) to base 11.
1a43a81
-4c202b (base 13) to base 4
-12333112033
-56607a (base 16) to base 12
-1a8bb0a
What is 1100111101101110101 (base 2) in base 16?
67b75
Convert 18a940 (base 16) to base 7.
16510634
365921 (base 10) to base 7
3052553
What is 212201021311 (base 4) in base 15?
d46bb4
Convert 11964a (base 11) to base 2.
101110000000100011
What is 90a482 (base 11) in base 13?
3c30ab
Convert 1110111000110001 (base 2) to base 10.
60977
What is 19415 (base 10) in base 2?
100101111010111
Convert 10011010110010 (base 2) to base 10.
9906
Convert fcaa (base 16) to base 13.
23597
Convert 1549d18 (base 14) to base 8.
47527542
560aa (base 11) to base 14
218bd
Convert 385855 (base 12) to base 5.
214002431
Convert 761a (base 13) to base 14.
5da8
What is -1f0432 (base 16) in base 15?
-2a242a
Convert -cc938 (base 13) to base 14.
-99120
What is 551544 (base 7) in base 3?
11220121000
What is 11002012121021 (base 3) in base 7?
24303145
Convert 258510 (base 12) to base 7.
5143425
What is 12221112220 (base 3) in base 7?
665142
120031213 (base 4) to base 2
11000001101100111
Convert -20232323101 (base 4) to base 10.
-2289361
Convert 2340010 (base 6) to base 10.
121830
What is -4103853 (base 9) in base 6?
-114520120
What is 401007 (base 8) in base 6?
2453115
3c9c44 (base 13) to base 12
5b3718
What is 56279 (base 11) in base 12?
3b213
2611633 (base 7) to base 3
122020022001
Convert 15542123 (base 6) to base 2.
10001000001011000011
What is 184d70 (base 15) in base 11?
737260
312511 (base 8) to base 14
29b4d
Convert 100720 (base 11) to base 12.
79854
What is 185972 (base 13) in base 14?
11d256
What is 10111100110101101 (base 2) in base 3?
11220121221
Convert 4056a99 (base 11) to base 13.
163cc87
Convert 201012001 (base 3) to base 11.
a566
-115394 (base 11) to base 2
-101100101000011101
Convert -1a2455b (base 13) to base 8.
-40651552
What is 12186651 (base 9) in base 16?
5afa36
Convert 123553535 (base 6) to base 13.
66c10a
Convert 50b76 (base 16) to base 5.
41034424
What is -1011110000011001 (base 2) in base 5?
-3020103
What is -7af402 (base 16) in base 5?
-4030322413
-553535 (base 6) to base 3
-2100101112
Convert 1097d59 (base 14) to base 11.
4504246
What is -53530 (base 11) in base 8?
-230014
-7455130 (base 9) to base 12
-1406809
21121012000 (base 3) to base 16
2484c
-7033 (base 16) to base 3
-1110101211
What is 117100 (base 14) in base 12?
248850
Convert 407571 (base 8) to base 15.
2a023
What is 6bb115 (base 12) in base 4?
12220313201
What is 561535 (base 7) in base 12?
493a7
246341 (base 8) to base 12
41395
873e (base 15) to base 3
1110021112
What is 5212647 (base 8) in base 6?
45341115
Convert -121140041 (base 5) to base 6.
-20102150
What is -2575813 (base 9) in base 7?
-14654001
What is -10021021111 (base 3) in base 10?
-64354
Convert 121432334 (base 5) to base 15.
b6064
Convert 4242132 (base 5) to base 4.
101131312
What is 200220120020 (base 3) in base 13?
10054b
Convert -23d822 (base 16) to base 12.
-953516
What is -1889587 (base 10) in base 11?
-1080747
23561606 (base 7) to base 13
5865a7
Convert -151554 (base 8) to base 10.
-54124
32345616 (base 7) to base 5
1202033344
Convert -1203110333 (base 4) to base 6.
-12415315
Convert 3273116 (base 8) to base 15.
12661e
-11111110010000001011011 (base 2) to base 5
-4113100410
206324 (base 7) to base 3
1211011022
-3235132 (base 6) to base 12
-78aa8
What is 282711 (base 10) in base 11?
183450
What is 6735850 (base 10) in base 4?
121230133222
44084 (base 11) to base 5
4021410
What is -1110111111110100000 (base 2) in base 3?
-220222002220
-7131766 (base 9) to base 8
-16376157
-20313031132 (base 4) to base 11
-1347586
What is 11110101001001110001 (base 2) in base 6?
33304453
What is -10111010010100111 (base 2) in base 13?
-34565
What is -4747024 (base 8) in base 11?
-807186
-1239231 (base 10) to base 2
-100101110100010111111
Convert -590324 (base 15) to base 7.
-51103012
94c75b (base 14) to base 13
1070a29
What is -86106 (base 12) in base 15?
-37406
What is 33022321200 (base 4) in base 3?
21111001010220
Convert 410230112 (base 5) to base 9.
3082630
16050 (base 11) to base 13
a42a
Convert -177454 (base 15) to base 13.
-30b1a9
What is 425822 (base 10) in base 5?
102111242
What is -15c3c (base 16) in base 9?
-145253
361ba8 (base 15) to base 7
30665564
Convert -56413600 (base 8) to base 15.
-110d827
What is -12211020010 (base 4) in base 13?
-485191
Convert 74b04 (base 12) to base 3.
21210202211
-1001101001101110011 (base 2) to base 15
-63aa0
Convert -1311242 (base 7) to base 16.
-29bbe
What is 57ca2 (base 14) in base 7?
1550162
429117 (base 10) to base 13
120420
132012030013 (base 4) to base 7
124026646
Convert 10010010110111100000111 (base 2) to base 7.
55622522
What is -3b334 (base 13) in base 15?
-22aa0
Convert 202220010102 (base 3) to base 15.
81cb8
-6703444 (base 8) to base 9
-3348640
Convert 3122332 (base 6) to base 10.
150896
What is 3003302323 (base 4) in base 8?
3036273
-3046756 (base 10) to base 14
-594496
What 